3. Give b(6).
3
Let x(c) = -3*c**3 + 116*c**2 - 79*c + 4620. Give x(39).
18
Let n(d) = -6*d - 105. What is n(6)?
-141
Let f(k) = -3*k**3 + 47*k**2 - 106*k + 26. What is f(13)?
0
Let g(y) = -y**3 - 16*y**2 - 37*y - 144. Determine g(-14).
-18
Let x(p) = 16*p**3 + 2*p**2 - 8*p - 2. Give x(2).
118
Let f(a) = -4*a**3 - 21*a**2 - 3*a + 126. What is f(-6)?
252
Let j(o) = o**2 + 20*o - 726. What is j(-38)?
-42
Let g(t) = -8*t + 126. Determine g(-6).
174
Let c(l) = 136*l**2 + 547*l + 19. Give c(-4).
7
Let d(o) = o**2 + 2007*o + 31850. Give d(-16).
-6
Let k(u) = -u**3 + 87*u**2 + 198*u - 1772. Give k(89).
8
Let w(h) = 68*h + 361. Determine w(-6).
-47
Let i(v) = -v**3 - 5*v**2 + 2*v - 61. Give i(-7).
23
Let y(r) = 7*r**2 - 16*r + 9. Determine y(-4).
185
Let p(i) = 2*i**3 - 22*i**2 - 23*i - 1. Give p(-1).
-2
Let w(s) = 22*s**3 + 6*s**2 + 5*s + 28. What is w(-3)?
-527
Let x(g) = -2*g**3 - 8*g**2 - 6*g - 17. Determine x(-5).
63
Let u(r) = r**3 + 59*r**2 + 20*r - 2. What is u(0)?
-2
Let d(i) = -i**3 - 15*i**2 - 18*i - 45. Calculate d(-15).
225
Let o(f) = -221*f - 2008. Calculate o(-9).
-19
Let h(j) = -45*j - 91. Calculate h(-2).
-1
Let x(k) = 4*k**3 - k**2 - 5*k + 8. What is x(3)?
92
Let o(w) = w**3 + 7*w**2 - 13*w + 6. Determine o(-7).
97
Let m(o) = 5*o**3 + 10*o**2 - 20*o - 19. Calculate m(-3).
-4
Let a(r) = 20*r**3 + r**2 + 4*r + 2. Give a(-1).
-21
Let u(n) = n**2 + 14*n - 69. Give u(-18).
3
Let t(y) = -y**2 - 176. Calculate t(0).
-176
Let z(l) = -47*l + 846. What is z(18)?
0
Let z(d) = d**3 + 2*d**2 - 42*d - 272. Calculate z(-7).
-223
Let f(m) = -5*m**2 - 69*m + 327. Give f(5).
-143
Let h(y) = -24*y - 232. What is h(-10)?
8
Let x(w) = 2*w**3 - 12*w**2 + 30*w - 93. Calculate x(8).
403
Let m(n) = -4*n**3 + 85*n**2 - 21*n - 33. What is m(21)?
-33
Let h(d) = d**2 - 17*d + 32. Determine h(2).
2
Let x(t) = -t**2 - 30*t + 154. Determine x(4).
18
Let l(h) = h**3 + 26*h**2 - 55*h + 111. Determine l(-27).
867
Let p(f) = -f**3 + 11*f**2 - 2*f + 19. Calculate p(11).
-3
Let d(m) = 100*m**2 - 26*m - 8. Determine d(-2).
444
Let j(z) = 400*z**2 + 36002*z + 187. Give j(-90).
7
Let w(v) = -200*v - 414. What is w(-2)?
-14
Let o(i) = 36*i**3 + i**2 + 45*i + 44. Give o(-1).
-36
Let v(x) = -179*x**2 - 887*x - 19. Determine v(-5).
-59
Let b(n) = 2*n**2 - 47*n + 285. What is b(24)?
309
Let r(v) = v**2 + 297*v - 5268. Determine r(17).
70
Let y(v) = -53*v + 496. Calculate y(9).
19
Let w(u) = 3*u**2 - 115*u + 641. What is w(6)?
59
Let t(g) = 42*g**2 - 147*g - 1. What is t(2)?
-127
Let m(a) = 4*a**3 - 80*a**2 - a + 8. Determine m(20).
-12
Let d(b) = 6*b**3 - 47*b - 14. What is d(3)?
7
Let u(v) = v**3 - 2*v + 28. Give u(0).
28
Let x(o) = -4*o**2 - 54*o + 19. Determine x(-13).
45
Let w(l) = 52*l + 12. Calculate w(-5).
-248
Let q(n) = -15248*n - 15266. Calculate q(-1).
-18
Let r(u) = -u**2 - 173*u + 5902. Give r(29).
44
Let p(q) = 3*q**2 + 35*q + 142. Give p(-7).
44
Let k(s) = 960*s + 293752. Determine k(-306).
-8
Let k(g) = 14*g**3 + 4*g**2 + 8*g + 7. Determine k(-2).
-105
Let b(z) = 4797*z + 28782. Give b(-6).
0
Let m(g) = 214*g + 1246. Determine m(-6).
-38
Let s(a) = -37*a**2 + 68*a. Determine s(1).
31
Let y(a) = -5*a**2 - 9*a + 19. Determine y(-3).
1
Let y(u) = -14*u**2 - 1109*u - 275. What is y(-79)?
-38
Let z(o) = 48*o - 31. Give z(1).
17
Let o(n) = n**3 + 27*n**2 + 4*n - 1635. Calculate o(-24).
-3
Let q(u) = 27*u**2 + 2105*u - 74. Calculate q(-78).
4
Let n(o) = -2*o**2 - 5*o - 32. Calculate n(11).
-329
Let p(a) = -7*a**2 + 150*a + 406. Determine p(-3).
-107
Let c(u) = u**3 - 17*u**2 - 358*u + 1404. Calculate c(28).
4
Let l(h) = h**3 - 119*h**2 - 1024*h + 1033. What is l(127)?
17
Let n(y) = 6*y - 260. Calculate n(78).
208
Let s(r) = r**3 - 37*r**2 + 104*r - 51. Give s(34).
17
Let r(t) = -628*t + 1895. Calculate r(3).
11
Let q(s) = s**3 + 490*s - 7. Give q(0).
-7
Let g(k) = 16*k**3 - 76*k**2 + 51*k - 4. Calculate g(4).
8
Let x(l) = -42*l + 58. Give x(1).
16
Let z(i) = -4*i**2 + 4*i - 1. Give z(1).
-1
Let u(o) = -105*o**2 - 21*o + 24. Give u(1).
-102
Let s(j) = j**2 - 2*j - 1. What is s(11)?
98
Let x(w) = 551*w - 22029. Give x(40).
11
Let x(g) = -g**2 - 193*g + 8513. Give x(37).
3
Let w(k) = -4*k + 130. Calculate w(22).
42
Let w(l) = 15*l**2 + 26*l - 63. What is w(-3)?
-6
Let n(f) = 2*f**3 + 223*f**2 + 964*f + 91. Determine n(-107).
-16
Let w(z) = -810*z - 3237. What is w(-4)?
3
Let y(q) = 14*q - 171. Calculate y(12).
-3
Let w(t) = -64*t + 1463. Give w(24).
-73
Let g(r) = -r**3 + r**2 + 21*r + 11. Give g(6).
-43
Let d(s) = -s**3 - 56*s**2 + 241*s + 123. Calculate d(-60).
63
Let x(j) = -304*j - 136. Determine x(0).
-136
Let h(w) = -390*w + 1135. Determine h(3).
-35
Let m(f) = 219*f - 1536. What is m(7)?
-3
Let l(v) = -141*v - 833. What is l(-6)?
13
Let a(c) = -c**2 + 35*c - 103. What is a(30)?
47
Let y(h) = -6*h**2 + 178*h - 352. Determine y(2).
-20
Let x(w) = 58*w + 337. What is x(-10)?
-243
Let h(y) = 152*y - 2143. Calculate h(14).
-15
Let r(p) = p**2 - 9*p - 142. Calculate r(-7).
-30
Let k(i) = -i**2 + 186*i - 2550. What is k(14)?
-142
Let g(z) = -11*z**2 + 32*z - 7. What is g(3)?
-10
Let x(s) = 35*s + 214. Determine x(-13).
-241
Let n(x) = -x**2 + 25*x + 392. What is n(32)?
168
Let j(d) = -d**2 - 19*d - 45. Determine j(0).
-45
Let p(d) = -25*d - 75. Calculate p(-5).
50
Let h(v) = 45*v + 1027. Calculate h(-24).
-53
Let z(u) = u**2 + 44*u - 755. Determine z(-57).
-14
Let o(u) = 57*u + 2575. Give o(-45).
10
Let l(r) = r**3 + 9*r**2 - 21*r + 14. What is l(-9)?
203
Let g(q) = -26*q**2 - 68*q - 109. Give g(-2).
-77
Let z(c) = c**3 - 9*c**2 - 155*c + 30. Give z(-9).
-33
Let k(y) = -y**3 - 17*y**2 - 24*y + 2. Give k(-16).
130
Let n(a) = -a**3 - 93*a**2 + 65*a - 2731. Calculate n(-94).
-5
Let x(g) = 5*g**3 - 65*g**2 - g - 29. Calculate x(13).
-42
Let k(z) = 6*z**3 + 117*z**2 + 54*z - 56. What is k(-19)?
1
Let l(a) = -264*a - 2912. Give l(-11).
-8
Let m(i) = i**3 + 41*i**2 + 45*i - 1290. Determine m(-39).
-3
Let z(a) = -28*a + 366. Determine z(-31).
1234
Let k(y) = 30*y + 172. Calculate k(-6).
-8
Let y(u) = -27*u - 399. Calculate y(-23).
222
Let g(z) = z**2 + 118*z - 4427. What is g(30)?
13
Let p(v) = 2*v**3 + 53*v**2 - 2*v + 2306. Determine p(-28).
10
Let b(h) = 513*h + 215973. Calculate b(-421).
0
Let n(f) = f**3 + 2*f**2 - 7*f + 757. Calculate n(0).
757
Let n(g) = 21*g**2 - 458*g - 95. Give n(22).
-7
Let g(w) = -2*w - 20. Calculate g(-29).
38
Let d(j) = -j**3 - 10*j**2 + j - 12. Determine d(-8).
-148
Let p(l) = 73*l + 336. Give p(-4).
44
Let b(j) = 162*j + 7792. Determine b(-48).
16
Let u(q) = -95*q - 31. What is u(-2)?
159
Let p(s) = -14*s - 128. Calculate p(12).
-296
Let k(p) = 2*p**3 + 5*p**2 - 80*p + 120. What is k(5)?
95
Let a(n) = -268*n - 13. Give a(-1).
255
Let g(m) = m**2 - 6009*m - 205453. Give g(-34).
9
Let s(c) = c**2 - 48*c - 2094. Give s(-28).
34
Let x(u) = 84*u + 277. Give x(-3).
25
Let y(l) = -18*l**3 + 15*l**2 - 49*l + 35. What is y(1)?
-17
Let t(o) = 14*o - 100. Calculate t(16).
124
Let b(o) = 17*o - 200. Give b(-14).
-438
Let z(s) = -377*s + 5328. Calculate z(14).
50
Let p(z) = 110*z - 23. What is p(3)?
307
Let j(m) = -6*m**2 + 19*m + 154. What is j(-4)?
-18
Let z(b) = -5*b**3 + 7*b**2 - 159*b + 318. What is z(2)?
-12
Let g(i) = 5*i**2 + 203*i + 317. Determine g(-39).
5
Let o(k) = -2*k**2 - 7*k + 18. Calculate o(9).
-207
Let j(r) = 20*r**2 + 7*r - 7. What is j(1)?
20
Let i(a) = 526*a + 32075. Determine i(-61).
-11
Let i(r) = -r**2 + 21*r - 111. Give i(21).
-111
Let p(d) = -d**3 + 140*d**2 - 1042*d - 98. What is p(8)?
14
Let a(v) = v**3 + 11*v**2 + 38*v + 34. What is a(-4)?
-6
Let n(o) = -4*o**3 - 42*o**2 - 7*o - 42. Determine n(-8).
-626
Let h(r) = r**3 + 261*r**2 - 19261*r - 327. What is h(-321)?
-6
Let s(t) = -34076*t - 102232. Determine s(-3).
-4
Let n(f) = 3*f**2 - 52*f + 468. What is n(12)?
276
Let s(w) = -w**2 + 321*w - 1259. Determine s(4).
9
Let n(o) = o**3 + 9*o + 13. Give n(-6).
-257
Let g(b) = -b**3 + 246*b**2 - 1446*b + 55. Give g(6).
19
Let r(g) = 12*g**2 - 114*g - 63. Give r(10).
-3
Let y(m) = 2*m**3 - 153*m**2 - 78*m - 30. Calculate y(77).
-107
Let w(s) = -2214*s + 6643. Calculate w(3).
1
Let o(q) = 85*q + 1662. Determine o(-19).
47
Let d(x) = -x**3 + 66*x**2 - 22*x + 1442. Determine d(66).
-10
Let o(y) = 33*y + 4. Give o(-9).
-293
Let y(p) = -p*